{"id":27,"date":"2020-04-24T16:44:29","date_gmt":"2020-04-24T16:44:29","guid":{"rendered":"http:\/\/www.ingenieurbuero-cording.de\/?page_id=27"},"modified":"2023-05-04T13:01:08","modified_gmt":"2023-05-04T13:01:08","slug":"energieberatung","status":"publish","type":"page","link":"https:\/\/www.ingenieurbuero-cording.de\/index.php\/energieberatung\/","title":{"rendered":"Energieberatung"},"content":{"rendered":"\n<p>Als Ihr Experte unterst\u00fctze ich Sie dabei Ihr Zuhause energetisch auf den sparsamsten Stand zu bringen.<\/p>\n\n\n\n<p>Im Rahmen der Energieberatung wird  zun\u00e4chst vor Ort gemeinsam mit Ihnen der Zustand Ihres Geb\u00e4udes aufgenommen. Dabei betrachte ich verschiedene Aspekte, u.a. den allgemeinen baulichen Zustand, Energiebilanz, W\u00e4rmeverlust \u00fcber die Geb\u00e4udeh\u00fclle und analysiere anschlie\u00dfend auf diesen Grundlagen das gesamte Objekt um Schwachstellen gezielt zu erkennen und Potentiale aufzuzeigen.  Im Anschluss erstelle ich f\u00fcr Sie als Abschlussbericht den individueller Sanierungsfahrplan.  Das Ergebnis \u2013 ein sparsames Zuhause.<\/p>\n\n\n\n<p><strong>Wissenwertes zur Energieberatung<\/strong>:<\/p>\n\n\n\n<ul class=\"wp-block-list\">\n<li>Die BAfA-vor-Ort-Energieberatung wird zu 80% (h\u00f6chstens 1300\u20ac)&nbsp;von der BAfA gef\u00f6rdert<\/li>\n\n\n\n<li>der &#8220;Individuelle Sanierungsfahrplan&#8221; erh\u00f6ht die F\u00f6rderung bei Einzelma\u00dfnahmen auf 20%<\/li>\n\n\n\n<li>ein Energiebedarfsausweis kann anschlie\u00dfend erstellt werden&nbsp;&nbsp;<\/li>\n\n\n\n<li>der Beratungsbericht informiert \u00fcber F\u00f6rdermittel und F\u00f6rderm\u00f6glichkeiten<\/li>\n<\/ul>\n\n\n\n<p>Rufen Sie mich gerne an und machen Sie einen Termin zur Erstberatung aus.<\/p>\n\n\n\n<p><\/p>\n","protected":false},"excerpt":{"rendered":"<p>Als Ihr Experte unterst\u00fctze ich Sie dabei Ihr Zuhause energetisch auf den sparsamsten Stand zu bringen. Im Rahmen der Energieberatung wird zun\u00e4chst vor Ort gemeinsam mit Ihnen der Zustand Ihres Geb\u00e4udes aufgenommen. Dabei betrachte ich verschiedene Aspekte, u.a. den allgemeinen baulichen Zustand, Energiebilanz, W\u00e4rmeverlust \u00fcber die Geb\u00e4udeh\u00fclle und analysiere anschlie\u00dfend auf diesen Grundlagen das gesamte [&hellip;]<\/p>\n","protected":false},"author":1,"featured_media":0,"parent":0,"menu_order":0,"comment_status":"closed","ping_status":"closed","template":"","meta":{"footnotes":""},"class_list":["post-27","page","type-page","status-publish","hentry"],"_links":{"self":[{"href":"https:\/\/www.ingenieurbuero-cording.de\/index.php\/wp-json\/wp\/v2\/pages\/27","targetHints":{"allow":["GET"]}}],"collection":[{"href":"https:\/\/www.ingenieurbuero-cording.de\/index.php\/wp-json\/wp\/v2\/pages"}],"about":[{"href":"https:\/\/www.ingenieurbuero-cording.de\/index.php\/wp-json\/wp\/v2\/types\/page"}],"author":[{"embeddable":true,"href":"https:\/\/www.ingenieurbuero-cording.de\/index.php\/wp-json\/wp\/v2\/users\/1"}],"replies":[{"embeddable":true,"href":"https:\/\/www.ingenieurbuero-cording.de\/index.php\/wp-json\/wp\/v2\/comments?post=27"}],"version-history":[{"count":11,"href":"https:\/\/www.ingenieurbuero-cording.de\/index.php\/wp-json\/wp\/v2\/pages\/27\/revisions"}],"predecessor-version":[{"id":216,"href":"https:\/\/www.ingenieurbuero-cording.de\/index.php\/wp-json\/wp\/v2\/pages\/27\/revisions\/216"}],"wp:attachment":[{"href":"https:\/\/www.ingenieurbuero-cording.de\/index.php\/wp-json\/wp\/v2\/media?parent=27"}],"curies":[{"name":"wp","href":"https:\/\/api.w.org\/{rel}","templated":true}]}}